{"id":5608,"date":"2024-05-15T15:10:45","date_gmt":"2024-05-15T19:10:45","guid":{"rendered":"https:\/\/worldcongress.iclei.org\/program\/de-lo-global-a-lo-local-a-lo-global-dando-forma-al-futuro-de-la-sostenibilidad\/"},"modified":"2024-06-20T17:49:23","modified_gmt":"2024-06-20T21:49:23","slug":"de-lo-global-a-lo-local-a-lo-global-dando-forma-al-futuro-de-la-sostenibilidad","status":"publish","type":"program","link":"https:\/\/worldcongress.iclei.org\/es\/program\/de-lo-global-a-lo-local-a-lo-global-dando-forma-al-futuro-de-la-sostenibilidad\/","title":{"rendered":"De lo global a lo local a lo global: dando forma al futuro de la sostenibilidad"},"content":{"rendered":"<p style=\"text-align: center;\"><strong><a href=\"https:\/\/www.youtube.com\/live\/3N4Lm1V-d8o\" target=\"_blank\" rel=\"noopener\">\u00a1Mira el plenario en vivo en YouTube!<\/a><\/strong><\/p>\n<p><span style=\"font-weight: 400;\">Am\u00e9rica del Sur se convertir\u00e1 en el centro de las agendas globales sobre clima y naturaleza el pr\u00f3ximo a\u00f1o. Con la COP16 del Convenio sobre la Diversidad Biol\u00f3gica (CDB) celebrada en Cali, Colombia, en octubre de 2024, y la COP30 de la CMNUCC celebrada el pr\u00f3ximo a\u00f1o en el coraz\u00f3n de la Amazonia en Brasil, el mundo est\u00e1 mirando a Am\u00e9rica del Sur en busca de liderazgo en estas agendas cr\u00edticas de sostenibilidad.<\/span><\/p>\n<p><span style=\"font-weight: 400;\">\u00danase a nosotros en esta din\u00e1mica plenaria para explorar la poderosa interacci\u00f3n entre estas dos agendas globales cr\u00edticas y sus impactos en la formulaci\u00f3n de pol\u00edticas en todos los niveles. Representantes clave de Colombia y Brasil discutir\u00e1n la necesidad urgente de un enfoque integrado a las crisis clim\u00e1ticas y naturales, enfatizando di\u00e1logos inclusivos en todos los niveles de gobierno y la sociedad civil.<\/span><\/p>\n<p><span style=\"font-weight: 400;\">Los miembros y l\u00edderes de ICLEI compartir\u00e1n c\u00f3mo estos procesos globales influyen en las iniciativas locales y regionales, enfatizando la necesidad de estrategias globales para abordar los desaf\u00edos sobre el terreno que enfrentan las ciudades, pueblos y regiones de todo el mundo. Quienes participan activamente en la promoci\u00f3n global brindar\u00e1n informaci\u00f3n sobre la importancia de la participaci\u00f3n de los gobiernos locales en estos \u00e1mbitos.<\/span><\/p>\n<p><span style=\"font-weight: 400;\">Destacaremos c\u00f3mo los miembros y socios de ICLEI pueden colaborar para participar en las pr\u00f3ximas COP sobre clima y biodiversidad, defendiendo nuestros intereses y el papel crucial de los gobiernos locales en el avance de los objetivos de sostenibilidad. Sea parte de la conversaci\u00f3n que une los esfuerzos globales y locales para dar forma a un futuro sostenible para todos.<\/span><\/p>\n<h5>Oradores<\/h5>\n<ul>\n<li><b>Alfredo Coro II<\/b>, Alcalde, Municipio de Del Carmen, Filipinas; Miembro del Comit\u00e9 Ejecutivo Global de ICLEI<\/li>\n<li><b>Champa Patel<\/b>, Directora Ejecutiva de Gobiernos y Pol\u00edticas, Climate Group (invitada)<\/li>\n<li><strong>Diana<\/strong> <strong>\u00dcrge-Vorsatz<\/strong>, Vicepresidenta del Grupo Intergubernamental de Expertos sobre el Cambio Clim\u00e1tico (IPCC); Miembro del Comit\u00e9 Ejecutivo Global de ICLEI, Cartera de Investigaci\u00f3n e Innovaci\u00f3n Urbanas<\/li>\n<li><strong>Jo\u00e3o<\/strong> <strong>Bosco<\/strong> <strong>Monte<\/strong>, Presidente, Instituto Brasil \u00c1frica<\/li>\n<li><b>Maimunah Mohd Sharif,<\/b> Asesora Especial de la Presidencia de la COP29 (mensaje de v\u00eddeo)<\/li>\n<li><strong>Mauricio<\/strong> <strong>Zunino<\/strong>, Intendente interino, Ciudad de Montevideo, Uruguay<\/li>\n<li><b>Mohamed Sefiani<\/b>, Alcalde, Municipio de Chefchaouen, Marruecos; Miembro del Comit\u00e9 Ejecutivo Mundial de ICLEI<\/li>\n<li><b>Razan Al Mubarak<\/b>, Defensora de Alto Nivel de las Naciones Unidas para el Cambio Clim\u00e1tico; Presidenta de la UICN (mensaje de v\u00eddeo)<\/li>\n<\/ul>\n<p>Moderadores:<\/p>\n<ul>\n<li><em>Emani Kumar<\/em>, Secret\u00e1rio Geral Adjunto, Secretariado Global do ICLEI<\/li>\n<li><em>Yunus Arikan<\/em>, Director de Incidencia Global, Secretariado Mundial de ICLEI<\/li>\n<\/ul>\n<h5>Desarrollo de la sesi\u00f3n<\/h5>\n<p><strong>Di\u00e1logo de alto nivel: La necesidad cr\u00edtica de una gobernanza multinivel en la cooperaci\u00f3n multilateral para la sostenibilidad <\/strong><\/p>\n<ul>\n<li><strong>Razan Al Mubarak, <\/strong>Defensor de Alto Nivel de las Naciones Unidas para el Cambio Clim\u00e1tico; Presidenta de la UICN (mensaje de v\u00eddeo)<\/li>\n<\/ul>\n<p><strong>Di\u00e1logo de l\u00edderes: El papel clave de las ciudades, pueblos y regiones en los procesos globales de sostenibilidad <\/strong><\/p>\n<ul>\n<li><strong>Alfredo Coro II<\/strong>, Alcalde, Municipio de Del Carmen, Filipinas; Miembro del Comit\u00e9 Ejecutivo Global de ICLEI<\/li>\n<li><strong>Mohamed Sefiani<\/strong>, Alcalde, Municipio de Chefchaouen, Marruecos; Miembro del Comit\u00e9 Ejecutivo Mundial de ICLEI<\/li>\n<li><strong>Mauricio<\/strong> <strong>Zunino<\/strong>, Intendente interino, Ciudad de Montevideo, Uruguay<\/li>\n<li><strong>Champa Patel, <\/strong>Directora Ejecutiva de Gobiernos y Pol\u00edticas, Climate Group (invitada)<\/li>\n<\/ul>\n<p>Moderador<strong>: <\/strong><em>Emani Kumar<\/em>, Secretario General Adjunto, Secretariado Mundial de ICLEI<\/p>\n<p><strong>Di\u00e1logo de socios: Apoyar a nuestras ciudades, pueblos y regiones para que lleven a cabo acciones cr\u00edticas de sostenibilidad<\/strong><\/p>\n<ul>\n<li><strong>Diana<\/strong> <strong>\u00dcrge-Vorsatz<\/strong>, Vicepresidenta del Grupo Intergubernamental de Expertos sobre el Cambio Clim\u00e1tico (IPCC); Miembro del Comit\u00e9 Ejecutivo Global de ICLEI, Cartera de Investigaci\u00f3n e Innovaci\u00f3n Urbanas<\/li>\n<li><strong>Jo\u00e3o<\/strong> <strong>Bosco<\/strong> <strong>Monte<\/strong>, Presidente, Instituto Brasil \u00c1frica<\/li>\n<li><b>Maimunah Mohd Sharif,<\/b> Asesora Especial de la Presidencia de la COP29 (mensaje de v\u00eddeo)<\/li>\n<\/ul>\n<p>Moderador: <em>Yunus Arikan<\/em>, Director de Incidencia Global, Secretariado Mundial de ICLEI<\/p>\n<h5><\/h5>\n","protected":false},"excerpt":{"rendered":"<p>\u00a1Mira el plenario en vivo en YouTube! Am\u00e9rica del Sur se convertir\u00e1 en el centro de las agendas globales sobre clima y naturaleza el pr\u00f3ximo a\u00f1o. Con la COP16 del Convenio sobre la Diversidad Biol\u00f3gica (CDB) celebrada en Cali, Colombia, en octubre de 2024, y la COP30 de la CMNUCC celebrada el pr\u00f3ximo a\u00f1o en [&hellip;]<\/p>\n","protected":false},"author":3,"featured_media":3246,"parent":0,"menu_order":0,"template":"","format":"standard","meta":{"iawp_total_views":31,"footnotes":""},"class_list":["post-5608","program","type-program","status-publish","format-standard","has-post-thumbnail","hentry"],"_links":{"self":[{"href":"https:\/\/worldcongress.iclei.org\/es\/wp-json\/wp\/v2\/program\/5608","targetHints":{"allow":["GET"]}}],"collection":[{"href":"https:\/\/worldcongress.iclei.org\/es\/wp-json\/wp\/v2\/program"}],"about":[{"href":"https:\/\/worldcongress.iclei.org\/es\/wp-json\/wp\/v2\/types\/program"}],"author":[{"embeddable":true,"href":"https:\/\/worldcongress.iclei.org\/es\/wp-json\/wp\/v2\/users\/3"}],"version-history":[{"count":5,"href":"https:\/\/worldcongress.iclei.org\/es\/wp-json\/wp\/v2\/program\/5608\/revisions"}],"predecessor-version":[{"id":9861,"href":"https:\/\/worldcongress.iclei.org\/es\/wp-json\/wp\/v2\/program\/5608\/revisions\/9861"}],"wp:featuredmedia":[{"embeddable":true,"href":"https:\/\/worldcongress.iclei.org\/es\/wp-json\/wp\/v2\/media\/3246"}],"wp:attachment":[{"href":"https:\/\/worldcongress.iclei.org\/es\/wp-json\/wp\/v2\/media?parent=5608"}],"curies":[{"name":"wp","href":"https:\/\/api.w.org\/{rel}","templated":true}]}}

<p style="text-align: center;"><strong><a href="https://www.youtube.com/live/3N4Lm1V-d8o" target="_blank" rel="noopener">¡Mira el plenario en vivo en YouTube!</a></strong></p>
<p><span style="font-weight: 400;">América del Sur se convertirá en el centro de las agendas globales sobre clima y naturaleza el próximo año. Con la COP16 del Convenio sobre la Diversidad Biológica (CDB) celebrada en Cali, Colombia, en octubre de 2024, y la COP30 de la CMNUCC celebrada el próximo año en el corazón de la Amazonia en Brasil, el mundo está mirando a América del Sur en busca de liderazgo en estas agendas críticas de sostenibilidad.</span></p>
<p><span style="font-weight: 400;">Únase a nosotros en esta dinámica plenaria para explorar la poderosa interacción entre estas dos agendas globales críticas y sus impactos en la formulación de políticas en todos los niveles. Representantes clave de Colombia y Brasil discutirán la necesidad urgente de un enfoque integrado a las crisis climáticas y naturales, enfatizando diálogos inclusivos en todos los niveles de gobierno y la sociedad civil.</span></p>
<p><span style="font-weight: 400;">Los miembros y líderes de ICLEI compartirán cómo estos procesos globales influyen en las iniciativas locales y regionales, enfatizando la necesidad de estrategias globales para abordar los desafíos sobre el terreno que enfrentan las ciudades, pueblos y regiones de todo el mundo. Quienes participan activamente en la promoción global brindarán información sobre la importancia de la participación de los gobiernos locales en estos ámbitos.</span></p>
<p><span style="font-weight: 400;">Destacaremos cómo los miembros y socios de ICLEI pueden colaborar para participar en las próximas COP sobre clima y biodiversidad, defendiendo nuestros intereses y el papel crucial de los gobiernos locales en el avance de los objetivos de sostenibilidad. Sea parte de la conversación que une los esfuerzos globales y locales para dar forma a un futuro sostenible para todos.</span></p>
<h5>Oradores</h5>
<ul>
<li><b>Alfredo Coro II</b>, Alcalde, Municipio de Del Carmen, Filipinas; Miembro del Comité Ejecutivo Global de ICLEI</li>
<li><b>Champa Patel</b>, Directora Ejecutiva de Gobiernos y Políticas, Climate Group (invitada)</li>
<li><strong>Diana</strong> <strong>Ürge-Vorsatz</strong>, Vicepresidenta del Grupo Intergubernamental de Expertos sobre el Cambio Climático (IPCC); Miembro del Comité Ejecutivo Global de ICLEI, Cartera de Investigación e Innovación Urbanas</li>
<li><strong>João</strong> <strong>Bosco</strong> <strong>Monte</strong>, Presidente, Instituto Brasil África</li>
<li><b>Maimunah Mohd Sharif,</b> Asesora Especial de la Presidencia de la COP29 (mensaje de vídeo)</li>
<li><strong>Mauricio</strong> <strong>Zunino</strong>, Intendente interino, Ciudad de Montevideo, Uruguay</li>
<li><b>Mohamed Sefiani</b>, Alcalde, Municipio de Chefchaouen, Marruecos; Miembro del Comité Ejecutivo Mundial de ICLEI</li>
<li><b>Razan Al Mubarak</b>, Defensora de Alto Nivel de las Naciones Unidas para el Cambio Climático; Presidenta de la UICN (mensaje de vídeo)</li>
</ul>
<p>Moderadores:</p>
<ul>
<li><em>Emani Kumar</em>, Secretário Geral Adjunto, Secretariado Global do ICLEI</li>
<li><em>Yunus Arikan</em>, Director de Incidencia Global, Secretariado Mundial de ICLEI</li>
</ul>
<h5>Desarrollo de la sesión</h5>
<p><strong>Diálogo de alto nivel: La necesidad crítica de una gobernanza multinivel en la cooperación multilateral para la sostenibilidad </strong></p>
<ul>
<li><strong>Razan Al Mubarak, </strong>Defensor de Alto Nivel de las Naciones Unidas para el Cambio Climático; Presidenta de la UICN (mensaje de vídeo)</li>
</ul>
<p><strong>Diálogo de líderes: El papel clave de las ciudades, pueblos y regiones en los procesos globales de sostenibilidad </strong></p>
<ul>
<li><strong>Alfredo Coro II</strong>, Alcalde, Municipio de Del Carmen, Filipinas; Miembro del Comité Ejecutivo Global de ICLEI</li>
<li><strong>Mohamed Sefiani</strong>, Alcalde, Municipio de Chefchaouen, Marruecos; Miembro del Comité Ejecutivo Mundial de ICLEI</li>
<li><strong>Mauricio</strong> <strong>Zunino</strong>, Intendente interino, Ciudad de Montevideo, Uruguay</li>
<li><strong>Champa Patel, </strong>Directora Ejecutiva de Gobiernos y Políticas, Climate Group (invitada)</li>
</ul>
<p>Moderador<strong>: </strong><em>Emani Kumar</em>, Secretario General Adjunto, Secretariado Mundial de ICLEI</p>
<p><strong>Diálogo de socios: Apoyar a nuestras ciudades, pueblos y regiones para que lleven a cabo acciones críticas de sostenibilidad</strong></p>
<ul>
<li><strong>Diana</strong> <strong>Ürge-Vorsatz</strong>, Vicepresidenta del Grupo Intergubernamental de Expertos sobre el Cambio Climático (IPCC); Miembro del Comité Ejecutivo Global de ICLEI, Cartera de Investigación e Innovación Urbanas</li>
<li><strong>João</strong> <strong>Bosco</strong> <strong>Monte</strong>, Presidente, Instituto Brasil África</li>
<li><b>Maimunah Mohd Sharif,</b> Asesora Especial de la Presidencia de la COP29 (mensaje de vídeo)</li>
</ul>
<p>Moderador: <em>Yunus Arikan</em>, Director de Incidencia Global, Secretariado Mundial de ICLEI</p>
<h5></h5>

<p>¡Mira el plenario en vivo en YouTube! América del Sur se convertirá en el centro de las agendas globales sobre clima y naturaleza el próximo año. Con la COP16 del Convenio sobre la Diversidad Biológica (CDB) celebrada en Cali, Colombia, en octubre de 2024, y la COP30 de la CMNUCC celebrada el próximo año en [&hellip;]</p>
